{"id":1181,"date":"2022-08-19T12:21:07","date_gmt":"2022-08-19T10:21:07","guid":{"rendered":"https:\/\/montesquieu.lestransitionneurs.fr\/leognan\/?page_id=1181"},"modified":"2024-05-30T16:53:04","modified_gmt":"2024-05-30T14:53:04","slug":"etude-de-cas-la-mobilite-douce-a-leognan","status":"publish","type":"page","link":"https:\/\/montesquieu.lestransitionneurs.fr\/leognan-mobilite\/","title":{"rendered":"L\u00e9ognan, une ville en transition?"},"content":{"rendered":"\n<p>La ville de L\u00e9ognan (\u00e9lus, employ\u00e9s territoriaux, et aussi citoyens) est engag\u00e9e pour rendre la commune plus accessible aux modes de d\u00e9placement actif tel que le v\u00e9lo ou la marche. <br>Un collectif de citoyens a d\u00e9pos\u00e9 un projet dans le cadre du budget participatif. <strong><a rel=\"noreferrer noopener\" href=\"https:\/\/sites.google.com\/view\/circulationsdouces\" target=\"_blank\">Voir ici <\/a><\/strong><\/p>\n\n\n\n<p>Un dossier engag\u00e9 par le collectif \u00ab\u00a0Circulations douces\u00a0\u00bb analyse r\u00e9ussites et points d&rsquo;am\u00e9liorations au fur et \u00e0 mesure des am\u00e9nagements existants \u00e9tudi\u00e9s ou en cours d&rsquo;\u00e9laboration. <br>Cf: onglet <strong><a href=\"https:\/\/montesquieu.lestransitionneurs.fr\/leognan-mobilite\/etude-de-cas-la-mobilite-douce-a-leognan-2\/\">Etude de cas, la mobilit\u00e9 douce \u00e0 L\u00e9ognan<\/a><\/strong><\/p>\n","protected":false},"excerpt":{"rendered":"<p>La ville de L\u00e9ognan (\u00e9lus, employ\u00e9s territoriaux, et aussi citoyens) est engag\u00e9e pour rendre la commune plus accessible aux modes<\/p>\n","protected":false},"author":1,"featured_media":1690,"parent":0,"menu_order":0,"comment_status":"closed","ping_status":"closed","template":"","meta":{"footnotes":""},"class_list":["post-1181","page","type-page","status-publish","has-post-thumbnail","hentry"],"_links":{"self":[{"href":"https:\/\/montesquieu.lestransitionneurs.fr\/leognan-mobilite\/wp-json\/wp\/v2\/pages\/1181","targetHints":{"allow":["GET"]}}],"collection":[{"href":"https:\/\/montesquieu.lestransitionneurs.fr\/leognan-mobilite\/wp-json\/wp\/v2\/pages"}],"about":[{"href":"https:\/\/montesquieu.lestransitionneurs.fr\/leognan-mobilite\/wp-json\/wp\/v2\/types\/page"}],"author":[{"embeddable":true,"href":"https:\/\/montesquieu.lestransitionneurs.fr\/leognan-mobilite\/wp-json\/wp\/v2\/users\/1"}],"replies":[{"embeddable":true,"href":"https:\/\/montesquieu.lestransitionneurs.fr\/leognan-mobilite\/wp-json\/wp\/v2\/comments?post=1181"}],"version-history":[{"count":5,"href":"https:\/\/montesquieu.lestransitionneurs.fr\/leognan-mobilite\/wp-json\/wp\/v2\/pages\/1181\/revisions"}],"predecessor-version":[{"id":1235,"href":"https:\/\/montesquieu.lestransitionneurs.fr\/leognan-mobilite\/wp-json\/wp\/v2\/pages\/1181\/revisions\/1235"}],"wp:featuredmedia":[{"embeddable":true,"href":"https:\/\/montesquieu.lestransitionneurs.fr\/leognan-mobilite\/wp-json\/wp\/v2\/media\/1690"}],"wp:attachment":[{"href":"https:\/\/montesquieu.lestransitionneurs.fr\/leognan-mobilite\/wp-json\/wp\/v2\/media?parent=1181"}],"curies":[{"name":"wp","href":"https:\/\/api.w.org\/{rel}","templated":true}]}}

Léognan, une ville en transition?

<p>La ville de Léognan (élus, employés territoriaux, et aussi citoyens) est engagée pour rendre la commune plus accessible aux modes de déplacement actif tel que le vélo ou la marche. <br>Un collectif de citoyens a déposé un projet dans le cadre du budget participatif. <strong><a rel="noreferrer noopener" href="https://sites.google.com/view/circulationsdouces" target="_blank">Voir ici </a></strong></p>



<p>Un dossier engagé par le collectif « Circulations douces » analyse réussites et points d&rsquo;améliorations au fur et à mesure des aménagements existants étudiés ou en cours d&rsquo;élaboration. <br>Cf: onglet <strong><a href="https://montesquieu.lestransitionneurs.fr/leognan-mobilite/etude-de-cas-la-mobilite-douce-a-leognan-2/">Etude de cas, la mobilité douce à Léognan</a></strong></p>

<p>La ville de Léognan (élus, employés territoriaux, et aussi citoyens) est engagée pour rendre la commune plus accessible aux modes</p>
