{"id":1354,"date":"2022-10-12T02:09:05","date_gmt":"2022-10-12T00:09:05","guid":{"rendered":"https:\/\/montesquieu.lestransitionneurs.fr\/leognan-mobilite\/?page_id=1354"},"modified":"2022-10-30T11:06:59","modified_gmt":"2022-10-30T10:06:59","slug":"actus-revue-de-presse","status":"publish","type":"page","link":"https:\/\/montesquieu.lestransitionneurs.fr\/leognan-mobilite\/actus-revue-de-presse\/","title":{"rendered":"Actualit\u00e9s, revue de presse"},"content":{"rendered":"\n<p class=\"has-medium-font-size\"><strong>Revue de presse de l&rsquo;actualit\u00e9 portant sur la mobilit\u00e9 douce en France (v\u00e9lo, marche&#8230;)<\/strong><\/p>\n\n\n<ul class=\"wp-block-rss\"><li class='wp-block-rss__item'><div class='wp-block-rss__item-title'><a href='https:\/\/montesquieu.lestransitionneurs.fr\/blog\/lille-un-guide-pour-mieux-respecter-les-cyclistes-sur-la-route\/'>Lille : un guide pour mieux respecter les cyclistes sur la route<\/a><\/div><\/li><li class='wp-block-rss__item'><div class='wp-block-rss__item-title'><a href='https:\/\/montesquieu.lestransitionneurs.fr\/blog\/developper-lusage-du-velo-quelles-solutions-damenagement\/'>D\u00e9velopper l\u2019usage du v\u00e9lo : quelles solutions d\u2019am\u00e9nagement ?<\/a><\/div><\/li><li class='wp-block-rss__item'><div class='wp-block-rss__item-title'><a href='https:\/\/montesquieu.lestransitionneurs.fr\/blog\/decouvrons-stein-van-oosteren\/'>D\u00e9couvrons Stein Van Oosteren<\/a><\/div><\/li><li class='wp-block-rss__item'><div class='wp-block-rss__item-title'><a href='https:\/\/montesquieu.lestransitionneurs.fr\/blog\/le-plan-velo-fete-ses-quatre-ans\/'>Le \u00ab Plan v\u00e9lo \u00bb f\u00eate ses quatre ans<\/a><\/div><\/li><\/ul>\n\n\n<p class=\"has-medium-font-size\"><strong>Et aussi: <\/strong><a href=\"https:\/\/montesquieu.lestransitionneurs.fr\/leognan-mobilite\/archives-blog-du-collectif\/\" target=\"_blank\" rel=\"noreferrer noopener\">le blog du collectif<\/a> <\/p>\n","protected":false},"excerpt":{"rendered":"<p>Revue de presse de l&rsquo;actualit\u00e9 portant sur la mobilit\u00e9 douce en France (v\u00e9lo, marche&#8230;) Et aussi: le blog du collectif<\/p>\n","protected":false},"author":1,"featured_media":0,"parent":0,"menu_order":0,"comment_status":"closed","ping_status":"closed","template":"","meta":{"footnotes":""},"class_list":["post-1354","page","type-page","status-publish","hentry"],"_links":{"self":[{"href":"https:\/\/montesquieu.lestransitionneurs.fr\/leognan-mobilite\/wp-json\/wp\/v2\/pages\/1354","targetHints":{"allow":["GET"]}}],"collection":[{"href":"https:\/\/montesquieu.lestransitionneurs.fr\/leognan-mobilite\/wp-json\/wp\/v2\/pages"}],"about":[{"href":"https:\/\/montesquieu.lestransitionneurs.fr\/leognan-mobilite\/wp-json\/wp\/v2\/types\/page"}],"author":[{"embeddable":true,"href":"https:\/\/montesquieu.lestransitionneurs.fr\/leognan-mobilite\/wp-json\/wp\/v2\/users\/1"}],"replies":[{"embeddable":true,"href":"https:\/\/montesquieu.lestransitionneurs.fr\/leognan-mobilite\/wp-json\/wp\/v2\/comments?post=1354"}],"version-history":[{"count":16,"href":"https:\/\/montesquieu.lestransitionneurs.fr\/leognan-mobilite\/wp-json\/wp\/v2\/pages\/1354\/revisions"}],"predecessor-version":[{"id":1545,"href":"https:\/\/montesquieu.lestransitionneurs.fr\/leognan-mobilite\/wp-json\/wp\/v2\/pages\/1354\/revisions\/1545"}],"wp:attachment":[{"href":"https:\/\/montesquieu.lestransitionneurs.fr\/leognan-mobilite\/wp-json\/wp\/v2\/media?parent=1354"}],"curies":[{"name":"wp","href":"https:\/\/api.w.org\/{rel}","templated":true}]}}

Actualités, revue de presse

<p class="has-medium-font-size"><strong>Revue de presse de l&rsquo;actualité portant sur la mobilité douce en France (vélo, marche&#8230;)</strong></p>


<ul class="wp-block-rss"><li class='wp-block-rss__item'><div class='wp-block-rss__item-title'><a href='https://montesquieu.lestransitionneurs.fr/blog/lille-un-guide-pour-mieux-respecter-les-cyclistes-sur-la-route/'>Lille : un guide pour mieux respecter les cyclistes sur la route</a></div></li><li class='wp-block-rss__item'><div class='wp-block-rss__item-title'><a href='https://montesquieu.lestransitionneurs.fr/blog/developper-lusage-du-velo-quelles-solutions-damenagement/'>Développer l’usage du vélo : quelles solutions d’aménagement ?</a></div></li><li class='wp-block-rss__item'><div class='wp-block-rss__item-title'><a href='https://montesquieu.lestransitionneurs.fr/blog/decouvrons-stein-van-oosteren/'>Découvrons Stein Van Oosteren</a></div></li><li class='wp-block-rss__item'><div class='wp-block-rss__item-title'><a href='https://montesquieu.lestransitionneurs.fr/blog/le-plan-velo-fete-ses-quatre-ans/'>Le « Plan vélo » fête ses quatre ans</a></div></li></ul>


<p class="has-medium-font-size"><strong>Et aussi: </strong><a href="https://montesquieu.lestransitionneurs.fr/leognan-mobilite/archives-blog-du-collectif/" target="_blank" rel="noreferrer noopener">le blog du collectif</a> </p>

<p>Revue de presse de l&rsquo;actualité portant sur la mobilité douce en France (vélo, marche&#8230;) Et aussi: le blog du collectif</p>
